{"id":1797,"date":"2024-11-06T18:03:44","date_gmt":"2024-11-06T18:03:44","guid":{"rendered":"https:\/\/2pirob.com\/consulting\/?post_type=product&#038;p=1797"},"modified":"2024-11-08T10:28:20","modified_gmt":"2024-11-08T10:28:20","slug":"robot-lunar-vehicle","status":"publish","type":"product","link":"https:\/\/2pirob.com\/consulting\/product\/robot-lunar-vehicle\/","title":{"rendered":"Robot Lunar Vehicle"},"content":{"rendered":"<p>El Robot Lunar Vehicle es un innovador robot impreso en 3D dise\u00f1ado para replicar la funcionalidad de un veh\u00edculo de exploraci\u00f3n lunar. Este proyecto surge de la fascinaci\u00f3n por la exploraci\u00f3n espacial y la rob\u00f3tica, con el objetivo de proporcionar una experiencia emocionante y pr\u00e1ctica para creadores, educadores y aficionados por igual. El Robot Lunar Vehicle fue concebido como una herramienta tanto para el aprendizaje como para la creatividad, ofreciendo una puerta de entrada al mundo de la rob\u00f3tica, la electr\u00f3nica y la impresi\u00f3n 3D.<\/p>\n<p>&nbsp;<\/p>\n<p>Si tienes alguna pregunta sobre este producto puedes rellenar el siguiente formulario y te responderemos en la mayor brevedad posible:<\/p>\n<p>&nbsp;<\/p>\n<div data-test='contact-form' id='contact-form-1797' class='wp-block-jetpack-contact-form-container '>\n<form action='https:\/\/2pirob.com\/consulting\/product\/robot-lunar-vehicle\/#contact-form-1797' method='post' class='contact-form commentsblock' aria-label=\"Robot Lunar Vehicle\" novalidate>\n\n<div style=\"\" class='grunion-field-name-wrap grunion-field-wrap'  >\n<label\n\t\t\t\tfor='g1797-name'\n\t\t\t\tclass='grunion-field-label name'>Name<span class=\"grunion-label-required\" aria-hidden=\"true\">(obligatorio)<\/span><\/label>\n<input\n\t\t\t\t\ttype='text'\n\t\t\t\t\tname='g1797-name'\n\t\t\t\t\tid='g1797-name'\n\t\t\t\t\tvalue=''\n\t\t\t\t\tclass='name  grunion-field' \n\t\t\t\t\trequired aria-required='true' \/>\n\t<\/div>\n\n<div style=\"\" class='grunion-field-email-wrap grunion-field-wrap'  >\n<label\n\t\t\t\tfor='g1797-email'\n\t\t\t\tclass='grunion-field-label email'>Email<span class=\"grunion-label-required\" aria-hidden=\"true\">(obligatorio)<\/span><\/label>\n<input\n\t\t\t\t\ttype='email'\n\t\t\t\t\tname='g1797-email'\n\t\t\t\t\tid='g1797-email'\n\t\t\t\t\tvalue=''\n\t\t\t\t\tclass='email  grunion-field' \n\t\t\t\t\trequired aria-required='true' \/>\n\t<\/div>\n\n<div style=\"\" class='grunion-field-textarea-wrap grunion-field-wrap'  >\n<label\n\t\t\t\tfor='contact-form-comment-g1797-message'\n\t\t\t\tclass='grunion-field-label textarea'>Message<\/label>\n<textarea\n\t\t                style=''\n\t\t                name='g1797-message'\n\t\t                id='contact-form-comment-g1797-message'\n\t\t                rows='20' class='textarea  grunion-field'  ><\/textarea>\n\t<\/div>\n\t<p class='contact-submit'>\n\t\t<button type='submit' class='pushbutton-wide'>Enviar<\/button>\t\t<input type='hidden' name='contact-form-id' value='1797' \/>\n\t\t<input type='hidden' name='action' value='grunion-contact-form' \/>\n\t\t<input type='hidden' name='contact-form-hash' value='4d43dfd2cd4c629ba1e589df296b4f635445f2ae' \/>\n\t<\/p>\n<p style=\"display: none !important;\" class=\"akismet-fields-container\" data-prefix=\"ak_\"><label>&#916;<textarea name=\"ak_hp_textarea\" cols=\"45\" rows=\"8\" maxlength=\"100\"><\/textarea><\/label><input type=\"hidden\" id=\"ak_js_1\" name=\"ak_js\" value=\"138\"\/><script>document.getElementById( \"ak_js_1\" ).setAttribute( \"value\", ( new Date() ).getTime() );<\/script><\/p><\/form>\n<\/div>\n","protected":false},"excerpt":{"rendered":"<p class=\"p1\">El Robot Lunar Vehicle es un innovador robot impreso en 3D, dise\u00f1ado para replicar la funcionalidad de un veh\u00edculo de exploraci\u00f3n lunar. Inspirado en la exploraci\u00f3n espacial y la rob\u00f3tica, este proyecto ofrece una experiencia pr\u00e1ctica y emocionante para creadores, educadores y entusiastas. Funciona como herramienta de aprendizaje y plataforma creativa, introduciendo a los usuarios en el mundo de la rob\u00f3tica, la electr\u00f3nica y la impresi\u00f3n 3D.<\/p>\n","protected":false},"featured_media":1803,"comment_status":"open","ping_status":"closed","template":"","meta":{"site-sidebar-layout":"default","site-content-layout":"","ast-site-content-layout":"default","site-content-style":"default","site-sidebar-style":"default","ast-global-header-display":"","ast-banner-title-visibility":"","ast-main-header-display":"","ast-hfb-above-header-display":"","ast-hfb-below-header-display":"","ast-hfb-mobile-header-display":"","site-post-title":"","ast-breadcrumbs-content":"","ast-featured-img":"","footer-sml-layout":"","theme-transparent-header-meta":"default","adv-header-id-meta":"","stick-header-meta":"","header-above-stick-meta":"","header-main-stick-meta":"","header-below-stick-meta":"","astra-migrate-meta-layouts":"set"},"product_cat":[24],"product_tag":[26],"class_list":{"0":"post-1797","1":"product","2":"type-product","3":"status-publish","4":"has-post-thumbnail","6":"product_cat-robot-kit","7":"product_tag-robot-kit","8":"desktop-align-left","9":"tablet-align-left","10":"mobile-align-left","12":"first","13":"instock","14":"sale","15":"shipping-taxable","16":"purchasable","17":"product-type-simple"},"jetpack_sharing_enabled":true,"_links":{"self":[{"href":"https:\/\/2pirob.com\/consulting\/wp-json\/wp\/v2\/product\/1797","targetHints":{"allow":["GET"]}}],"collection":[{"href":"https:\/\/2pirob.com\/consulting\/wp-json\/wp\/v2\/product"}],"about":[{"href":"https:\/\/2pirob.com\/consulting\/wp-json\/wp\/v2\/types\/product"}],"replies":[{"embeddable":true,"href":"https:\/\/2pirob.com\/consulting\/wp-json\/wp\/v2\/comments?post=1797"}],"wp:featuredmedia":[{"embeddable":true,"href":"https:\/\/2pirob.com\/consulting\/wp-json\/wp\/v2\/media\/1803"}],"wp:attachment":[{"href":"https:\/\/2pirob.com\/consulting\/wp-json\/wp\/v2\/media?parent=1797"}],"wp:term":[{"taxonomy":"product_cat","embeddable":true,"href":"https:\/\/2pirob.com\/consulting\/wp-json\/wp\/v2\/product_cat?post=1797"},{"taxonomy":"product_tag","embeddable":true,"href":"https:\/\/2pirob.com\/consulting\/wp-json\/wp\/v2\/product_tag?post=1797"}],"curies":[{"name":"wp","href":"https:\/\/api.w.org\/{rel}","templated":true}]}}